{"id":106,"date":"2016-09-11T20:12:07","date_gmt":"2016-09-11T18:12:07","guid":{"rendered":"http:\/\/2016.zilina.wordcamp.org\/?page_id=106"},"modified":"2016-09-16T10:48:06","modified_gmt":"2016-09-16T08:48:06","slug":"spikri","status":"publish","type":"page","link":"https:\/\/zilina.wordcamp.org\/2016\/spikri\/","title":{"rendered":"Sp\u00edkri"},"content":{"rendered":"\n\t<div class=\"wcorg-speakers\">\n\n\t\t\n\t\t\t<!-- Organizers note: The id attribute is deprecated and only remains for backwards compatibility, please use the corresponding class to target individual speakers -->\n\t\t\t<div id=\"wcorg-speaker-peter-nemcok\" class=\"wcorg-speaker wcorg-speaker-peter-nemcok\">\n\t\t\t\t<h2>\n\t\t\t\t\t\n\t\t\t\t\t\tPeter Nem\u010dok\n\t\t\t\t\t\t\t\t\t<\/h2>\n\n\t\t\t\t<div class=\"wcorg-speaker-description\">\n\t\t\t\t\t<img alt='' src='https:\/\/secure.gravatar.com\/avatar\/0cd69f728ecf819e729bfd251f962eed506787781761ff079eed7263ab825540?s=100&#038;d=mm&#038;r=g' srcset='https:\/\/secure.gravatar.com\/avatar\/0cd69f728ecf819e729bfd251f962eed506787781761ff079eed7263ab825540?s=200&#038;d=mm&#038;r=g 2x' class='avatar avatar-100 photo' height='100' width='100' \/>\t\t\t\t\t<p>Som zakladate\u013e komunitn\u00e9ho port\u00e1lu <a href=\"https:\/\/2015.slovakia.wordcamp.org\/spikri\/www.wp.sk\" target=\"_blank\">WordPress Slovensko<\/a> a\u00a0l\u00edder v slobodnej firme <a href=\"https:\/\/webikon.sk\/\">Webikon<\/a>. S WordPress pracujem u\u017e od roku 2007. Okrem prekladania WordPress do sloven\u010diny organizujem WordPress meetup Bratislava a WordCamp Slovensko.<\/p>\n\t\t\t\t<\/div>\n\t\t\t<\/div>\n\n\t\t\n\t\t\t<!-- Organizers note: The id attribute is deprecated and only remains for backwards compatibility, please use the corresponding class to target individual speakers -->\n\t\t\t<div id=\"wcorg-speaker-karol-voros\" class=\"wcorg-speaker wcorg-speaker-karol-voros\">\n\t\t\t\t<h2>\n\t\t\t\t\t\n\t\t\t\t\t\tKarol V\u00f6r\u00f6s\n\t\t\t\t\t\t\t\t\t<\/h2>\n\n\t\t\t\t<div class=\"wcorg-speaker-description\">\n\t\t\t\t\t<img alt='' src='https:\/\/secure.gravatar.com\/avatar\/047dc9fe3ecedfbd92128ff71bbc4e8adbe0e532b90e9a5d626b19ec53e74845?s=100&#038;d=mm&#038;r=g' srcset='https:\/\/secure.gravatar.com\/avatar\/047dc9fe3ecedfbd92128ff71bbc4e8adbe0e532b90e9a5d626b19ec53e74845?s=200&#038;d=mm&#038;r=g 2x' class='avatar avatar-100 photo' height='100' width='100' \/>\t\t\t\t\t<div>Som spolumajite\u013eom \u0161t\u00fadia pre tehotn\u00e9 <a href=\"https:\/\/www.gravifit.sk\/\">GraviFit<\/a> a marketingov\u00fd mana\u017e\u00e9r hostingovej spolo\u010dnosti <a href=\"http:\/\/www.webglobe-yegon.sk\/\" rel=\"nofollow\">Webglobe &#8211; Yegon<\/a>. Ako tvoriv\u00fd \u010dlovek som sa na\u0161iel najm\u00e4 v marketingu. Mojou \u0161pecializ\u00e1ciou je n\u00e1vrh webu, tvorba obsahu a celkov\u00fd product\/business development.<\/div>\n<div>Pre komunitu spoluorganizujem WordPress meetupy, pom\u00e1ham s prekladom a nad\u0161en\u00fdm \u013eudom rozbieham ich prv\u00e9 blogy. Vo Webglobe &#8211; Yegon stoj\u00edm za optimalizovan\u00fdm hostingom pre WordPress<\/div>\n\t\t\t\t<\/div>\n\t\t\t<\/div>\n\n\t\t\n\t\t\t<!-- Organizers note: The id attribute is deprecated and only remains for backwards compatibility, please use the corresponding class to target individual speakers -->\n\t\t\t<div id=\"wcorg-speaker-marek-kucak\" class=\"wcorg-speaker wcorg-speaker-marek-kucak\">\n\t\t\t\t<h2>\n\t\t\t\t\t\n\t\t\t\t\t\tMarek Ku\u010d\u00e1k\n\t\t\t\t\t\t\t\t\t<\/h2>\n\n\t\t\t\t<div class=\"wcorg-speaker-description\">\n\t\t\t\t\t<img alt='' src='https:\/\/secure.gravatar.com\/avatar\/7d34633310787932e5ce504116d921c5dc2252067051fa261646e9ea095d1070?s=100&#038;d=mm&#038;r=g' srcset='https:\/\/secure.gravatar.com\/avatar\/7d34633310787932e5ce504116d921c5dc2252067051fa261646e9ea095d1070?s=200&#038;d=mm&#038;r=g 2x' class='avatar avatar-100 photo' height='100' width='100' \/>\t\t\t\t\t<p>P\u00f4sob\u00edm ako PPC \u0161pecialista v spolo\u010dnosti <a href=\"http:\/\/www.unitedclassifieds.sk\/\">United Classifieds s.r.o.<\/a> Nieko\u013eko rokov sa venujem online marketingu, marketingovej komunik\u00e1cii a podnikaniu cez internet v ich mnoh\u00fdch form\u00e1ch. Programova\u0165 som sa u\u010dil od 10 rokov a&nbsp;po\u010das celej strednej \u0161koly, av\u0161ak programovanie ma nikdy neup\u00fatalo nato\u013eko, aby som sa mu venoval profesion\u00e1lne. Pred p\u00e1r rokmi som objavil WordPress a pomocou neho som vytvoril viacero firemn\u00fdch str\u00e1nok, blogov a e-shopov.<\/p>\n\t\t\t\t<\/div>\n\t\t\t<\/div>\n\n\t\t\n\t\t\t<!-- Organizers note: The id attribute is deprecated and only remains for backwards compatibility, please use the corresponding class to target individual speakers -->\n\t\t\t<div id=\"wcorg-speaker-peter-belko\" class=\"wcorg-speaker wcorg-speaker-peter-belko\">\n\t\t\t\t<h2>\n\t\t\t\t\t\n\t\t\t\t\t\tPeter Belko\n\t\t\t\t\t\t\t\t\t<\/h2>\n\n\t\t\t\t<div class=\"wcorg-speaker-description\">\n\t\t\t\t\t<img alt='' src='https:\/\/secure.gravatar.com\/avatar\/e29a16fb8331dfe6c7e27b146c9b5fae5fc7c3c0a57db1f12206a85fe13ecf8b?s=100&#038;d=mm&#038;r=g' srcset='https:\/\/secure.gravatar.com\/avatar\/e29a16fb8331dfe6c7e27b146c9b5fae5fc7c3c0a57db1f12206a85fe13ecf8b?s=200&#038;d=mm&#038;r=g 2x' class='avatar avatar-100 photo' height='100' width='100' \/>\t\t\t\t\t<p>Som konzultant, lektor a content developer so zameran\u00edm na Microsoft technol\u00f3gie pre koncov\u00fdch pou\u017e\u00edvate\u013eov. V roku 2008 som prerobil svoj statick\u00fd web na WordPress a odvtedy ho pou\u017e\u00edvam na svoje weby (napr. <a href=\"http:\/\/www.tipy-triky.sk\/\" target=\"_blank\">www.tipy-triky.sk<\/a>). Odpor\u00fa\u010dam ho aj klientom, ktor\u00fdm vytv\u00e1ram ich weby s&nbsp;vyu\u017eit\u00edm hotov\u00fdch t\u00e9m\u00a0a pluginov, aby to fungovalo, ako o\u010dak\u00e1vaj\u00fa. Svoje poznatky r\u00e1d pos\u00favam \u010fal\u0161\u00edm.<\/p>\n\t\t\t\t<\/div>\n\t\t\t<\/div>\n\n\t\t\n\t\t\t<!-- Organizers note: The id attribute is deprecated and only remains for backwards compatibility, please use the corresponding class to target individual speakers -->\n\t\t\t<div id=\"wcorg-speaker-katarina-novotna\" class=\"wcorg-speaker wcorg-speaker-katarina-novotna\">\n\t\t\t\t<h2>\n\t\t\t\t\t\n\t\t\t\t\t\tKatar\u00edna Novotn\u00e1\n\t\t\t\t\t\t\t\t\t<\/h2>\n\n\t\t\t\t<div class=\"wcorg-speaker-description\">\n\t\t\t\t\t<img alt='' src='https:\/\/secure.gravatar.com\/avatar\/934752bbd79f5288010f8e937ff2b65744bcc36b3b9aae279b55173ca207c6a6?s=100&#038;d=mm&#038;r=g' srcset='https:\/\/secure.gravatar.com\/avatar\/934752bbd79f5288010f8e937ff2b65744bcc36b3b9aae279b55173ca207c6a6?s=200&#038;d=mm&#038;r=g 2x' class='avatar avatar-100 photo' height='100' width='100' \/>\t\t\t\t\t<p>Som spoluorganiz\u00e1torkou WordCamp Bratislava a pravideln\u00fdch bratislavsk\u00fdch WordPress meetupov. Pracujem ako affiliate mana\u017e\u00e9r v sieti <a href=\"https:\/\/www.dognet.sk\/\">Dognet<\/a>. Vo vo\u013enom \u010dase tvor\u00edm webov\u00e9 str\u00e1nky, blogujem na <a href=\"http:\/\/xkatka.sk\/\" target=\"_blank\"><span style=\"color: #1155cc\">xkatka.sk<\/span><\/a> a star\u00e1m sa o svoj\u00a0eshop <a href=\"https:\/\/vejare.sk\/\">Vejare.sk<\/a>. SEO, PPC a in\u00e9 skratky s\u00fa mi ve\u013emi bl\u00edzke. Bez internetu dok\u00e1\u017eem pre\u017ei\u0165 maxim\u00e1lne 3 dni #vyskusaneZaVas.<\/p>\n\t\t\t\t<\/div>\n\t\t\t<\/div>\n\n\t\t\n\t\t\t<!-- Organizers note: The id attribute is deprecated and only remains for backwards compatibility, please use the corresponding class to target individual speakers -->\n\t\t\t<div id=\"wcorg-speaker-martin-krcho\" class=\"wcorg-speaker wcorg-speaker-martin-krcho\">\n\t\t\t\t<h2>\n\t\t\t\t\t\n\t\t\t\t\t\tMartin Krcho\n\t\t\t\t\t\t\t\t\t<\/h2>\n\n\t\t\t\t<div class=\"wcorg-speaker-description\">\n\t\t\t\t\t<img alt='' src='https:\/\/secure.gravatar.com\/avatar\/04dbb6b20c64f22ca26c9c23073abc3aca45799fa94c418b48dd7b447860553d?s=100&#038;d=mm&#038;r=g' srcset='https:\/\/secure.gravatar.com\/avatar\/04dbb6b20c64f22ca26c9c23073abc3aca45799fa94c418b48dd7b447860553d?s=200&#038;d=mm&#038;r=g 2x' class='avatar avatar-100 photo' height='100' width='100' \/>\t\t\t\t\t<p>U\u017e takmer 10 rokov sa venujem webov\u00fdm technol\u00f3gi\u00e1m ako developer, architekt, tester, projektov\u00fd mana\u017e\u00e9r a server administr\u00e1tor &#8211; pod\u013ea toho, \u010do pr\u00e1ve treba \ud83d\ude42 Pracujem ako lead developer pre firmu <a href=\"http:\/\/devstudio.sk\/\">Dev Studio<\/a>, ktor\u00e1 stoj\u00ed okrem in\u00fdch za jedn\u00fdm z ve\u013ek\u00fdch slovensk\u00fdch WordPress webov &#8211;\u00a0<a href=\"http:\/\/www.mojandroid.sk\/\" target=\"_blank\"><span style=\"color: #1155cc\">www.mojandroid.sk<\/span><\/a>. R\u00e1d odovzd\u00e1vam svoje vedomosti \u010falej a chcel by som pom\u00f4c\u0165 mlad\u00fdm WordPress developerom vypracova\u0165 sa na prof\u00edkov.<\/p>\n\t\t\t\t<\/div>\n\t\t\t<\/div>\n\n\t\t\n\t\t\t<!-- Organizers note: The id attribute is deprecated and only remains for backwards compatibility, please use the corresponding class to target individual speakers -->\n\t\t\t<div id=\"wcorg-speaker-roman-hraska\" class=\"wcorg-speaker wcorg-speaker-roman-hraska\">\n\t\t\t\t<h2>\n\t\t\t\t\t\n\t\t\t\t\t\tRoman Hra\u0161ka\n\t\t\t\t\t\t\t\t\t<\/h2>\n\n\t\t\t\t<div class=\"wcorg-speaker-description\">\n\t\t\t\t\t<img alt='' src='https:\/\/secure.gravatar.com\/avatar\/3708e1db18fa61c570dc289bc9512b4dbe30e19307fad323337042e787fa8ad5?s=100&#038;d=mm&#038;r=g' srcset='https:\/\/secure.gravatar.com\/avatar\/3708e1db18fa61c570dc289bc9512b4dbe30e19307fad323337042e787fa8ad5?s=200&#038;d=mm&#038;r=g 2x' class='avatar avatar-100 photo' height='100' width='100' \/>\t\t\t\t\t<p>Som Yablko. Rob\u00edm str\u00e1nky. U\u010d\u00edm \u013eud\u00ed programova\u0165. Som autorom kurzu <a href=\"http:\/\/webrebel.sk\">Webrebel.sk<\/a>. Ke\u010f nep\u00ed\u0161em k\u00f3d, p\u00ed\u0161em \u010dl\u00e1nky o Tom\u00e1\u0161ovi Ma\u0161tal\u00edrovi. Ke\u010f neto\u010d\u00edm videon\u00e1vody, to\u010d\u00edm vide\u00e1, kde nah\u00e1\u0148am \u013eud\u00ed s ban\u00e1nom po ulici. Ale toto je o&nbsp;WordPresse. Nau\u010d\u00edm \u0165a spravi\u0165 WordPress plugin.<\/p>\n\t\t\t\t<\/div>\n\t\t\t<\/div>\n\n\t\t\n\t<\/div>\n\n\t\n","protected":false},"excerpt":{"rendered":"","protected":false},"author":12187895,"featured_media":0,"parent":0,"menu_order":0,"comment_status":"closed","ping_status":"closed","template":"sidebar-page.php","meta":{"_crdt_document":"","jetpack_post_was_ever_published":false,"footnotes":""},"class_list":["post-106","page","type-page","status-publish","hentry"],"jetpack_sharing_enabled":true,"jetpack_shortlink":"https:\/\/wp.me\/P7HQ2k-1I","_links":{"self":[{"href":"https:\/\/zilina.wordcamp.org\/2016\/wp-json\/wp\/v2\/pages\/106","targetHints":{"allow":["GET"]}}],"collection":[{"href":"https:\/\/zilina.wordcamp.org\/2016\/wp-json\/wp\/v2\/pages"}],"about":[{"href":"https:\/\/zilina.wordcamp.org\/2016\/wp-json\/wp\/v2\/types\/page"}],"author":[{"embeddable":true,"href":"https:\/\/zilina.wordcamp.org\/2016\/wp-json\/wp\/v2\/users\/12187895"}],"replies":[{"embeddable":true,"href":"https:\/\/zilina.wordcamp.org\/2016\/wp-json\/wp\/v2\/comments?post=106"}],"version-history":[{"count":3,"href":"https:\/\/zilina.wordcamp.org\/2016\/wp-json\/wp\/v2\/pages\/106\/revisions"}],"predecessor-version":[{"id":162,"href":"https:\/\/zilina.wordcamp.org\/2016\/wp-json\/wp\/v2\/pages\/106\/revisions\/162"}],"wp:attachment":[{"href":"https:\/\/zilina.wordcamp.org\/2016\/wp-json\/wp\/v2\/media?parent=106"}],"curies":[{"name":"wp","href":"https:\/\/api.w.org\/{rel}","templated":true}]}}