{"id":2,"date":"2016-07-08T17:15:50","date_gmt":"2016-07-08T15:15:50","guid":{"rendered":"http:\/\/2016.zilina.wordcamp.org\/?page_id=2"},"modified":"2016-11-07T14:31:40","modified_gmt":"2016-11-07T12:31:40","slug":"o-wordcamp","status":"publish","type":"page","link":"https:\/\/zilina.wordcamp.org\/2016\/","title":{"rendered":"O WordCamp \u017dilina"},"content":{"rendered":"<h1><span style=\"color: #000000\"><strong>WordCamp \u017dilina je u\u017e za nami a \u00a0dopadol nad o\u010dak\u00e1vania \ud83d\ude42<\/strong><\/span><\/h1>\n<h1><strong>\u010eakujeme <\/strong><strong>sponzorom, predn\u00e1\u0161aj\u00facim a \u00fa\u010dastn\u00edkom, \u017ee s nami str\u00e1vili skvel\u00fd de\u0148.<\/strong><\/h1>\n<p><a href=\"https:\/\/2016.zilina.wordcamp.org\/dakujeme\/\"><strong>V gal\u00e9rii<\/strong> <\/a>si m\u00f4\u017eete pozrie\u0165 ako bolo \ud83d\ude42<\/p>\n<p>Te\u0161\u00edme sa na v\u00e1s aj na bud\u00faci rok.<\/p>\n<p><a href=\"https:\/\/wordpress.org\/\" target=\"_blank\">WordPress<\/a> sp\u00e1ja \u013eud\u00ed na celom svete. Ka\u017ed\u00fd rok sa vo viacer\u00fdch v\u00e4\u010d\u0161\u00edch \u010di men\u0161ich mest\u00e1ch organizuje <strong>ob\u013e\u00faben\u00e1 <a href=\"http:\/\/central.wordcamp.org\/\" target=\"_blank\">WordPress konferencia<\/a><\/strong>, ktor\u00e1 nesie n\u00e1zov <strong>WordCamp<\/strong> a dop\u013a\u0148a ju n\u00e1zov mesta, v ktorom sa kon\u00e1. Samozrejme, Slovensko nie je v\u00fdnimkou. WordPress je open source syst\u00e9m. Vznikol, rastie a neust\u00e1le sa zdokona\u013euje v\u010faka komunite \u013eud\u00ed, ktor\u00ed sa dobrovo\u013ene podie\u013eaj\u00fa \u010di u\u017e na jeho v\u00fdvoji, preklade alebo na tom, \u017ee WordPress \u0161\u00edria \u010falej.<\/p>\n<p>Konferencia <strong>WordCamp<\/strong> je dnes pre mnoh\u00fdch nad\u0161encov IT jedn\u00fdm z najv\u00fdznamnej\u0161\u00edch podujat\u00ed roka. \u010c\u00edsla hovoria za v\u0161etko. Ka\u017edoro\u010dne sa tejto konferencie z\u00fa\u010dastn\u00ed nieko\u013eko desiatok tis\u00edc WordPress nad\u0161encov.<\/p>\n<p>Po \u00faspe\u0161n\u00fdch WordCampoch Slovensko a Bratislava sa stretnutie nad\u0161encov WordPress <b>WordCamp<\/b> uskuto\u010dn\u00ed v okt\u00f3bri aj v <strong>\u017diline<\/strong>.<\/p>\n<p>U\u017e <strong>29. okt\u00f3bra 2016<\/strong> na p\u00f4de <b>\u017dilinskej univerzity v \u017diline<\/b> zaznie v\u00fdber predn\u00e1\u0161ok kvalifikovan\u00fdch speakrov zo sveta WordPress. WordCamp \u017dilina bude z\u00e1rove\u0148 skvelou pr\u00edle\u017eitos\u0165ou stretn\u00fa\u0165 sa s \u010fal\u0161\u00edmi nad\u0161encami WordPress, poradi\u0165 sa s probl\u00e9mami pri pou\u017e\u00edvan\u00ed, \u010di dozvedie\u0165 sa o novink\u00e1ch vo WordPress.<\/p>\n","protected":false},"excerpt":{"rendered":"<p>WordCamp \u017dilina je u\u017e za nami a \u00a0dopadol nad o\u010dak\u00e1vania \ud83d\ude42 \u010eakujeme sponzorom, predn\u00e1\u0161aj\u00facim a \u00fa\u010dastn\u00edkom, \u017ee s nami str\u00e1vili skvel\u00fd de\u0148. V gal\u00e9rii si m\u00f4\u017eete pozrie\u0165 ako bolo \ud83d\ude42 Te\u0161\u00edme sa na v\u00e1s aj na bud\u00faci rok. WordPress sp\u00e1ja &hellip; <a href=\"https:\/\/zilina.wordcamp.org\/2016\/\">Pokra\u010dova\u0165 v \u010d\u00edtan\u00ed <span class=\"meta-nav\">&rarr;<\/span><\/a><\/p>\n","protected":false},"author":14386622,"featured_media":0,"parent":0,"menu_order":0,"comment_status":"closed","ping_status":"closed","template":"sidebar-page.php","meta":{"_crdt_document":"","jetpack_post_was_ever_published":false,"footnotes":""},"class_list":["post-2","page","type-page","status-publish","hentry"],"jetpack_sharing_enabled":true,"jetpack_shortlink":"https:\/\/wp.me\/P7HQ2k-2","_links":{"self":[{"href":"https:\/\/zilina.wordcamp.org\/2016\/wp-json\/wp\/v2\/pages\/2","targetHints":{"allow":["GET"]}}],"collection":[{"href":"https:\/\/zilina.wordcamp.org\/2016\/wp-json\/wp\/v2\/pages"}],"about":[{"href":"https:\/\/zilina.wordcamp.org\/2016\/wp-json\/wp\/v2\/types\/page"}],"author":[{"embeddable":true,"href":"https:\/\/zilina.wordcamp.org\/2016\/wp-json\/wp\/v2\/users\/14386622"}],"replies":[{"embeddable":true,"href":"https:\/\/zilina.wordcamp.org\/2016\/wp-json\/wp\/v2\/comments?post=2"}],"version-history":[{"count":12,"href":"https:\/\/zilina.wordcamp.org\/2016\/wp-json\/wp\/v2\/pages\/2\/revisions"}],"predecessor-version":[{"id":733,"href":"https:\/\/zilina.wordcamp.org\/2016\/wp-json\/wp\/v2\/pages\/2\/revisions\/733"}],"wp:attachment":[{"href":"https:\/\/zilina.wordcamp.org\/2016\/wp-json\/wp\/v2\/media?parent=2"}],"curies":[{"name":"wp","href":"https:\/\/api.w.org\/{rel}","templated":true}]}}

O WordCamp Žilina

<h1><span style="color: #000000"><strong>WordCamp Žilina je už za nami a  dopadol nad očakávania 🙂</strong></span></h1>
<h1><strong>Ďakujeme </strong><strong>sponzorom, prednášajúcim a účastníkom, že s nami strávili skvelý deň.</strong></h1>
<p><a href="https://2016.zilina.wordcamp.org/dakujeme/"><strong>V galérii</strong> </a>si môžete pozrieť ako bolo 🙂</p>
<p>Tešíme sa na vás aj na budúci rok.</p>
<p><a href="https://wordpress.org/" target="_blank">WordPress</a> spája ľudí na celom svete. Každý rok sa vo viacerých väčších či menšich mestách organizuje <strong>obľúbená <a href="http://central.wordcamp.org/" target="_blank">WordPress konferencia</a></strong>, ktorá nesie názov <strong>WordCamp</strong> a dopĺňa ju názov mesta, v ktorom sa koná. Samozrejme, Slovensko nie je výnimkou. WordPress je open source systém. Vznikol, rastie a neustále sa zdokonaľuje vďaka komunite ľudí, ktorí sa dobrovoľne podieľajú či už na jeho vývoji, preklade alebo na tom, že WordPress šíria ďalej.</p>
<p>Konferencia <strong>WordCamp</strong> je dnes pre mnohých nadšencov IT jedným z najvýznamnejších podujatí roka. Čísla hovoria za všetko. Každoročne sa tejto konferencie zúčastní niekoľko desiatok tisíc WordPress nadšencov.</p>
<p>Po úspešných WordCampoch Slovensko a Bratislava sa stretnutie nadšencov WordPress <b>WordCamp</b> uskutoční v októbri aj v <strong>Žiline</strong>.</p>
<p>Už <strong>29. októbra 2016</strong> na pôde <b>Žilinskej univerzity v Žiline</b> zaznie výber prednášok kvalifikovaných speakrov zo sveta WordPress. WordCamp Žilina bude zároveň skvelou príležitosťou stretnúť sa s ďalšími nadšencami WordPress, poradiť sa s problémami pri používaní, či dozvedieť sa o novinkách vo WordPress.</p>

<p>WordCamp Žilina je už za nami a  dopadol nad očakávania 🙂 Ďakujeme sponzorom, prednášajúcim a účastníkom, že s nami strávili skvelý deň. V galérii si môžete pozrieť ako bolo 🙂 Tešíme sa na vás aj na budúci rok. WordPress spája &hellip; <a href="https://zilina.wordcamp.org/2016/">Pokračovať v čítaní <span class="meta-nav">&rarr;</span></a></p>
