{"id":69,"date":"2016-09-04T13:58:14","date_gmt":"2016-09-04T11:58:14","guid":{"rendered":"http:\/\/2016.zilina.wordcamp.org\/?page_id=69"},"modified":"2016-10-28T15:17:08","modified_gmt":"2016-10-28T13:17:08","slug":"miesto","status":"publish","type":"page","link":"https:\/\/zilina.wordcamp.org\/2016\/o-wordcamp\/miesto\/","title":{"rendered":"Miesto"},"content":{"rendered":"<h2 id=\"wcba_wordcamp\">WordCamp \u017dilina\u00a0 29.10.2016<\/h2>\n<p>Fakulta riadenia a informatiky \u017dilinskej univerzity v \u017diline<br \/>\nUniverzitn\u00e1 8215\/1, 010 26 \u017dilina<\/p>\n<p>Registr\u00e1cia \u00fa\u010dastn\u00edkov: od 8:30<br \/>\nZa\u010diatok predn\u00e1\u0161ok: od 9:00<\/p>\n<p><div class=\"googlemaps\">\n\t\t\t\t<iframe loading=\"lazy\" width=\"700\" height=\"300\" frameborder=\"0\" scrolling=\"no\" marginheight=\"0\" marginwidth=\"0\"  src=\"https:\/\/www.google.com\/maps\/embed?pb=!1m14!1m8!1m3!1d10427.645790520817!2d18.7620853!3d49.2022394!3m2!1i1024!2i768!4f13.1!3m3!1m2!1s0x0:0x5794f873537c6ba9!2sFakulta%20riadenia%20a%20informatiky%20\u017dilinskej%20univerzity%20v%20\u017diline!5e0!3m2!1ssk!2ssk!4v1472990245288\"><\/iframe>\n\t\t\t<\/div><br \/>\n<strong>Pripravili sme si pre teba podrobn\u00e9 inform\u00e1cie, ako n\u00e1s n\u00e1jde\u0161:<\/strong><br \/>\n\u010ci u\u017e p\u00f4jde\u0161 pe\u0161o, autobusom, vlakom alebo autom, s t\u00fdmito in\u0161trukciami sa ur\u010dite nestrat\u00ed\u0161. Dokonca k n\u00e1m traf\u00ed\u0161 aj z letiska. Mysleli sme na v\u0161etko.<\/p>\n<p style=\"text-align: center\"><a href=\"http:\/\/2016.zilina.wordcamp.org\/files\/2016\/09\/wordcamp_zilina_orientacna-mapa.jpg\" target=\"_blank\"><img loading=\"lazy\" decoding=\"async\" class=\"alignnone wp-image-379 size-medium\" src=\"http:\/\/2016.zilina.wordcamp.org\/files\/2016\/09\/wordcamp_zilina_orientacna-mapa-246x300.jpg\" alt=\"wordcamp_zilina_orientacna-mapawordcamp_zilina_orientacna-mapa\" width=\"246\" height=\"300\" srcset=\"https:\/\/zilina.wordcamp.org\/2016\/files\/2016\/09\/wordcamp_zilina_orientacna-mapa-246x300.jpg 246w, https:\/\/zilina.wordcamp.org\/2016\/files\/2016\/09\/wordcamp_zilina_orientacna-mapa-768x935.jpg 768w, https:\/\/zilina.wordcamp.org\/2016\/files\/2016\/09\/wordcamp_zilina_orientacna-mapa-841x1024.jpg 841w, https:\/\/zilina.wordcamp.org\/2016\/files\/2016\/09\/wordcamp_zilina_orientacna-mapa.jpg 887w\" sizes=\"auto, (max-width: 246px) 100vw, 246px\" \/><\/a><\/p>\n<p><strong>Ak sa chce\u0161 v \u017diline jednoducho a pohodlne dosta\u0165 na WordCamp, vyu\u017ei dojednan\u00fa\u00a0slu\u017ebu tax\u00edku.<\/strong> Iba za <strong>4 \u20ac<\/strong>* sa napr\u00edklad zo stanice alebo z\u00a0autobusov\u00e9ho\u00a0n\u00e1stupi\u0161ta<strong>\u00a0dostane\u0161 presne k n\u00e1m.<\/strong>\u00a0Sta\u010d\u00ed, ak povie\u0161, \u017ee chce\u0161 is\u0165 na WordCamp (adresu ani n\u00e1zov fakulty u\u017e rie\u0161i\u0165 nemus\u00ed\u0161), taxik\u00e1r bude hne\u010f vedie\u0165, kam \u0165a odvies\u0165. A rovno si ho m\u00f4\u017ee\u0161 aj objedna\u0165 na cestu sp\u00e4\u0165. Kontakt na objednanie dopravy:\u00a0<strong>+421 911 913 391<\/strong><\/p>\n<p><em>*cena 4 \u20ac sa vz\u0165ahuje iba na prepravu po\u00a0\u017diline (pre info o cen\u00e1ch kontaktujte taxi slu\u017ebu)<\/em><\/p>\n<p>&nbsp;<\/p>\n<p><strong>Ak chce\u0161 vy<\/strong><strong>u\u017ei\u0165 <a href=\"http:\/\/www.dpmz.sk\/\">MHD <\/a>v\u00a0\u017diline a dosta\u0165 sa na WordCamp, tak potrebuje\u0161\u00a0z\u00e1kladn\u00fd cestovn\u00fd l\u00edstok<\/strong>\u00a0za <strong>0,65 \u20ac<\/strong>\u00a0(k\u00fapi\u0161 v automate, priprav si drobn\u00e9)<strong>\u00a0<\/strong>z vlakovej stanice (zast\u00e1vka\u00a0<strong>\u017delezni\u010dn\u00e1 stanica<\/strong>) alebo od autobusov\u00e9ho n\u00e1stupi\u0161ta (zast\u00e1vka\u00a0<strong>\u0160tef\u00e1nikovo n\u00e1mestie<\/strong>). Dostane\u0161 sa k n\u00e1m linkami <strong>14<\/strong> a <strong>4.<\/strong><\/p>\n<p style=\"text-align: center\"><em>Spoje zo zast\u00e1vky \u017delezni\u010dn\u00e1 stanica<\/em><\/p>\n<p><img loading=\"lazy\" decoding=\"async\" class=\"aligncenter wp-image-592 size-full\" src=\"http:\/\/2016.zilina.wordcamp.org\/files\/2016\/09\/linky-zo-zeleznicnej-stanice.png\" alt=\"linky zo zeleznicnej stanice\" width=\"487\" height=\"93\" srcset=\"https:\/\/zilina.wordcamp.org\/2016\/files\/2016\/09\/linky-zo-zeleznicnej-stanice.png 487w, https:\/\/zilina.wordcamp.org\/2016\/files\/2016\/09\/linky-zo-zeleznicnej-stanice-300x57.png 300w\" sizes=\"auto, (max-width: 487px) 100vw, 487px\" \/><\/p>\n<p>Vyst\u00fapi\u0161 na zast\u00e1vke\u00a0<strong>Fatransk\u00e1 <\/strong>a od tejto zast\u00e1vky \u0165a bud\u00fa navigova\u0165 smerovacie \u0161\u00edpky a\u017e k n\u00e1m \ud83d\ude42<\/p>\n","protected":false},"excerpt":{"rendered":"<p>WordCamp \u017dilina\u00a0 29.10.2016 Fakulta riadenia a informatiky \u017dilinskej univerzity v \u017diline Univerzitn\u00e1 8215\/1, 010 26 \u017dilina Registr\u00e1cia \u00fa\u010dastn\u00edkov: od 8:30 Za\u010diatok predn\u00e1\u0161ok: od 9:00 Pripravili sme si pre teba podrobn\u00e9 inform\u00e1cie, ako n\u00e1s n\u00e1jde\u0161: \u010ci u\u017e p\u00f4jde\u0161 pe\u0161o, autobusom, vlakom &hellip; <a href=\"https:\/\/zilina.wordcamp.org\/2016\/o-wordcamp\/miesto\/\">Pokra\u010dova\u0165 v \u010d\u00edtan\u00ed <span class=\"meta-nav\">&rarr;<\/span><\/a><\/p>\n","protected":false},"author":14386622,"featured_media":0,"parent":2,"menu_order":0,"comment_status":"closed","ping_status":"closed","template":"sidebar-page.php","meta":{"_crdt_document":"","jetpack_post_was_ever_published":false,"footnotes":""},"class_list":["post-69","page","type-page","status-publish","hentry"],"jetpack_sharing_enabled":true,"jetpack_shortlink":"https:\/\/wp.me\/P7HQ2k-17","_links":{"self":[{"href":"https:\/\/zilina.wordcamp.org\/2016\/wp-json\/wp\/v2\/pages\/69","targetHints":{"allow":["GET"]}}],"collection":[{"href":"https:\/\/zilina.wordcamp.org\/2016\/wp-json\/wp\/v2\/pages"}],"about":[{"href":"https:\/\/zilina.wordcamp.org\/2016\/wp-json\/wp\/v2\/types\/page"}],"author":[{"embeddable":true,"href":"https:\/\/zilina.wordcamp.org\/2016\/wp-json\/wp\/v2\/users\/14386622"}],"replies":[{"embeddable":true,"href":"https:\/\/zilina.wordcamp.org\/2016\/wp-json\/wp\/v2\/comments?post=69"}],"version-history":[{"count":15,"href":"https:\/\/zilina.wordcamp.org\/2016\/wp-json\/wp\/v2\/pages\/69\/revisions"}],"predecessor-version":[{"id":621,"href":"https:\/\/zilina.wordcamp.org\/2016\/wp-json\/wp\/v2\/pages\/69\/revisions\/621"}],"up":[{"embeddable":true,"href":"https:\/\/zilina.wordcamp.org\/2016\/wp-json\/wp\/v2\/pages\/2"}],"wp:attachment":[{"href":"https:\/\/zilina.wordcamp.org\/2016\/wp-json\/wp\/v2\/media?parent=69"}],"curies":[{"name":"wp","href":"https:\/\/api.w.org\/{rel}","templated":true}]}}